he remainder when l is divided by n(-19)?
0
Let h(y) = y**3 + 13*y**2 - 14*y + 12. Let l be h(-14). Let r = l - 1. Calculate the remainder when r is divided by 6.
5
Calculate the remainder when 3/9*-3*-11 is divided by 3.
2
Suppose 0 = 2*i + 2 + 2. Let q be (1 - -11)*(-1)/i. Let p(k) = k**3 - 6*k**2 + 3*k - 7. Calculate the remainder when 20 is divided by p(q).
9
Suppose 55 - 16 = 5*u + 3*d, 0 = 5*u + d - 43. Let p(z) = -z**2 + 15*z - 1. Calculate the remainder when p(13) is divided by u.
7
Suppose -1 = -5*n + 134. Suppose 28 = 2*j + 4*k, 0 = -4*j - 0*k + 3*k + 12. What is the remainder when n is divided by j?
3
Let m(a) = 7*a**2 - 1. Calculate the remainder when (-18)/(-6) - 3*-6 is divided by m(1).
3
Suppose -2*o + 6 = o. Suppose 4*v - 46 = -3*z, -o*z + 21 = v - 3. What is the remainder when z is divided by 6?
4
Let f = 37 + -4. Calculate the remainder when f is divided by 12.
9
Let c be 40/2*(-3)/(-6). Suppose -c = -3*p - 2*g + 19, 4*g + 7 = -p. Calculate the remainder when 24 is divided by p.
11
Suppose 3*g + 2*g = 40. Calculate the remainder when g is divided by 4.
0
Suppose 4*x + 0*w - 727 = -w, 2*w - 730 = -4*x. What is the remainder when x is divided by 13?
12
Let z = -6 + 8. Suppose -40 + 110 = z*t. Calculate the remainder when t is divided by 12.
11
Let r(p) = -3*p - 1. Suppose 2*v + 6 = -0. Calculate the remainder when 31 is divided by r(v).
7
Suppose -q + 4*c = -25, -4*q + 3*c + 26 = -3*q. Suppose 0*y - y = -113. Calculate the remainder when y is divided by q.
26
Let l(w) = -w**2 + 9*w + 11. What is the remainder when 55 is divided by l(8)?
17
Let q(i) be the first derivative of 2*i**3/3 - 5*i**2/2 - 5*i + 1. Calculate the remainder when q(-4) is divided by 16.
15
Let g(n) = n**2 - 10*n. What is the remainder when g(16) is divided by 25?
21
Suppose -4*i - 6 = 6. What is the remainder when ((-2)/i)/((-1)/(-33)) is divided by 12?
10
Suppose 2 = -2*g, -3 = 2*b - 3*g - 12. Suppose -d = -7 - b. What is the remainder when d is divided by 4?
2
Suppose 120 = 8*x + 4*x. Suppose -11 = -3*n + 10. Suppose 25 - n = 3*a. What is the remainder when x is divided by a?
4
Suppose -2*s + 0 + 84 = 0. Calculate the remainder when 166 is divided by s.
40
What is the remainder when 10*7*2/4 is divided by (-48)/8*(-3)/2?
8
Let g(q) = -q**3 + q**2 - q - 2. Let a = 4 - 7. Let r = -15 + 28. Calculate the remainder when g(a) is divided by r.
11
Let x = 0 + 3. Let k(a) = -3*a**2 - 3*a**2 + 3*a - 7*a - a**x - 7. What is the remainder when k(-6) is divided by 6?
5
Let k be (2/3)/(4/(-6)). Let f be (-68)/k - (-2 + 2). What is the remainder when 20 is divided by (-1)/3 + f/6?
9
Let c(a) = a**2 - 8*a + 3. Let d be c(4). Let i = d + 40. Suppose 2*q - 60 = -2*q - 4*u, -2*q = -u - i. What is the remainder when 26 is divided by q?
12
Calculate the remainder when (-282)/8*(-88)/33 is divided by 24.
22
Calculate the remainder when ((-34)/(-51))/((-500)/(-249) - 2) is divided by 43.
40
Let l(w) be the first derivative of -w**4/4 + 7*w**3/3 + w**2/2 + 10*w - 2. Let m(k) = -5*k + 2. Calculate the remainder when m(-6) is divided by l(7).
15
Let l be (1 + (0 - -11))*-3. What is the remainder when 68 is divided by 8/(-6) + (-876)/l?
22
Let c(y) = -7*y. Suppose -m - 3*m + 76 = 0. Calculate the remainder when m is divided by c(-1).
5
Let g be (0 - -1)*3 - -113. Suppose -2*i + 180 = 2*i - 3*x, -2*i + g = 5*x. Suppose 4*v - i - 8 = 0. What is the remainder when v is divided by 5?
4
Let g(y) = -3*y - 12. Let x be g(-6). What is the remainder when 47 is divided by 342/30 - x/(-10)?
11
Suppose 22 + 62 = 2*f. Calculate the remainder when f is divided by 15.
12
Let c = -1 - -5. Suppose -3*j + c*f = -0*j - 67, -5*j + 3*f = -130. Calculate the remainder when j is divided by 10.
9
Let y(q) be the second derivative of -q**4/12 - 2*q**3 + 7*q**2/2 - 9*q. What is the remainder when y(-12) is divided by 3?
1
Let l = 4 - -11. What is the remainder when l is divided by 6?
3
Let x(o) = -o**2 - 8*o - 2. What is the remainder when (-73 - 1)*(-2)/4 is divided by x(-6)?
7
Suppose -30*t + 29*t + 34 = 0. What is the remainder when 95 is divided by t?
27
Let x = -8 + 25. Calculate the remainder when x is divided by 9.
8
Suppose z - 344 = -z. What is the remainder when z is divided by 25?
22
Let w(f) = -9*f + 5. Suppose 0 = 6*i - 3*i - 36. What is the remainder when w(-2) is divided by i?
11
Let q(d) = -d - 1. Let k be q(2). Let s = 12 - k. Calculate the remainder when 29 is divided by (-5 - s)*1/(-2).
9
Suppose 2*s = -4*w + 156, -16 - 184 = -5*w - 5*s. What is the remainder when w is divided by 8?
6
Suppose 4*g = 0, 3*g = -2*m + 4*g - 232. What is the remainder when 2/4 - 150/(-4) is divided by m/(-6) - (-4)/6?
18
Suppose m = -5*h + 47, 4*m - 2 - 6 = 0. Calculate the remainder when h is divided by 7.
2
Let t(j) = 8*j - 4. Let u be t(6). Suppose 2*s - 5*s + y + 34 = 0, u = 4*s - y. Calculate the remainder when s is divided by 4.
2
Let l = 162 - 155. What is the remainder when l is divided by 3?
1
What is the remainder when (-587)/(-15) + (-2)/15 is divided by 8?
7
Let q = -5 + 10. Suppose 0 = 5*z + q*l - 54 + 19, -4*l - 12 = -4*z. Calculate the remainder when 19 is divided by (-9)/15 - (-38)/z.
5
Let r(y) = y**3 - 3*y**2 + 12*y - 12*y - 4. What is the remainder when r(5) is divided by 16?
14
Suppose -2*c + 5 = -1. Suppose -a = -c*a + 28. Calculate the remainder when a is divided by 5.
4
Let j = 13 - 8. Let b = 4 + -2. Calculate the remainder when j is divided by b.
1
Suppose -f = -0*f + 5*b + 115, 0 = -2*f + 4*b - 286. Let g = 189 + f. What is the remainder when g is divided by 28?
26
Let b be (-84)/(-15) - (-2)/5. Suppose 5*z = 2*t + t + 44, 0 = -3*t + b. Let n = z - 3. What is the remainder when n is divided by 4?
3
Let b(v) = -v**3 + v**2 - 320. Let n be b(0). Let g(t) = 3*t**2 - 4. What is the remainder when g(4) is divided by 3/21 - n/14?
21
Suppose 0*h = -h + u, -u - 4 = -5*h. Let w(x) = 43*x**2 + x. Calculate the remainder when w(h) is divided by 0 + (-1 - -14) + 2.
14
Let d be 2/(-5) + 2/5. What is the remainder when 26 is divided by (-2 + 3 - d) + 8?
8
Let t(j) = j**2 + 6*j - 36. What is the remainder when 11 is divided by t(-10)?
3
Let n(o) = 2*o**3 - 3*o**2 + o - 1. Calculate the remainder when 23 is divided by n(2).
3
Suppose -5*b = -0*b - 20. Let t = b - 7. Let g(v) = v**2 + 3. Calculate the remainder when 21 is divided by g(t).
9
Let m be (-1)/(-2 + 30/14). Let h(d) = -d**2 - 10*d - 8. Let y be h(m). Suppose -j - 2 = -y. Calculate the remainder when j is divided by 6.
5
Let y(a) = a**2 - 16*a + 3. Suppose -7 = -2*t + 19. What is the remainder when t is divided by y(16)?
1
Suppose 3*i - 4*d = -9, i - 2*i + d = 3. Let v(g) = -3*g - 3. Let o be v(i). Suppose o*x - 3*x - 27 = 0. What is the remainder when 25 is divided by x?
7
Let f(l) = 5*l. Let p be f(1). Suppose g - 100 = -p*x - 4*g, -g = -5*x + 82. What is the remainder when 67 is divided by x?
16
Let h(o) = -46*o. Let p be h(1). Let q = p + 9. Let r = 53 + q. Calculate the remainder when r is divided by 9.
7
Let a be -3 + 26 + 3 + -2. Suppose 0 = -4*f + a - 8, 3*f = -s + 27. What is the remainder when 43 is divided by s?
13
Let h(p) = -p**2 + 2*p + 2. Let u(f) = f**2 - 5*f - 4. Let y(v) = -9*h(v) - 4*u(v). What is the remainder when y(2) is divided by 8?
6
Suppose 2*k = -2 + 6. Suppose -o - 87 - 54 = -4*p, 3*o + 63 = k*p. Suppose 2*m = 64 + p. What is the remainder when m is divided by 26?
24
Let p(q) = q**3 + 4*q**2 - 2*q - 3. Let v(o) = -o**3 - 6*o**2 - 3*o + 6. Let d be v(-5). Calculate the remainder when 14 is divided by p(d).
4
Calculate the remainder when (-12)/(-36) - 196/(-6) is divided by 12.
9
Suppose -166 = -4*f + g, -2*f + 5*g - 9 = -83. Suppose -f + 1 = -i. What is the remainder when i is divided by 11?
8
What is the remainder when 219 is divided by (-3)/(-12) - ((-537)/12 - -1)?
43
Suppose 0 = -2*d - 2*d. Suppose -i = -5*y - 278, d*i + 4*i + 5*y = 1012. Calculate the remainder when i/(-4)*(-2)/3 is divided by 15.
13
Let a(v) = 99*v - 1. Calculate the remainder when a(1) is divided by 25.
23
Let b = -15 - -53. Suppose 3*d - 64 = w, 3*d = -3*w + 2*w + 56. Calculate the remainder when b is divided by d.
18
Suppose -2*t - 3*t = o - 30, 0 = 2*o - 2*t. Suppose c - 5*y + 21 = 0, 4*c - 2*c + o*y = 33. What is the remainder when